{"id":6532,"date":"2023-10-19T10:36:29","date_gmt":"2023-10-19T08:36:29","guid":{"rendered":"https:\/\/ifd-roof.com\/?post_type=event&#038;p=6532"},"modified":"2023-10-19T10:46:12","modified_gmt":"2023-10-19T08:46:12","slug":"bus-gocircular-training-opportunity-3-train-the-trainers","status":"publish","type":"event","link":"https:\/\/ifd-roof.com\/index.php\/event\/bus-gocircular-training-opportunity-3-train-the-trainers\/","title":{"rendered":"Der dritte BUS-GoCircular-Kurs \u201eTrain the Trainers (TtT)\u201c"},"content":{"rendered":"<p><br \/><\/p>\n\n\n<p>Der dritte BUS-GoCircular-Kurs \u201eTrain the Trainers (TtT)\u201c findet online in drei aufeinanderfolgenden Sitzungen am 31. Oktober, 7. und 14. November 2023 von 14.00 bis 16.30 Uhr statt (Teilnehmer m\u00fcssen an den 3 Online-Sitzungen teilnehmen).&nbsp;Kommen Sie zu diesem 3. TtT und werden Sie Mitglied der \u201e&nbsp;<strong>BUS-GoCircular-Lerngemeinschaft\u201c, die<\/strong>&nbsp;sich aus f\u00fchrenden Schulungsorganisationen in ganz Europa zusammensetzt, die sich auf neue F\u00e4higkeiten f\u00fcr zirkul\u00e4res Bauen konzentrieren.<\/p>\n\n\n\n<ul class=\"wp-block-list\">\n<li><strong>F\u00fcr wen ist dieser \u201eTrain the Trainers\u201c-Kurs geeignet?<\/strong><\/li>\n<\/ul>\n\n\n\n<p>Unser Kurs richtet sich an Experten von Ausbildungsorganisationen, die Kurse zur kontinuierlichen beruflichen Weiterentwicklung (CPD) f\u00fcr praktizierende Baufachleute anbieten, und konzentriert sich auf neue Kenntnisse und F\u00e4higkeiten, die f\u00fcr die Planung, den Bau, die Nutzung, die Wartung und das Ende der Nutzungsdauer von \u201ekreisf\u00f6rmigen\u201c Geb\u00e4uden erforderlich sind .<\/p>\n\n\n\n<ul class=\"wp-block-list\">\n<li><strong>Was bietet Ihnen die \u201eBUS-GoCircular Learning Community\u201c?<\/strong><\/li>\n<\/ul>\n\n\n\n<p>Die Trainer werden mit Lehrmaterialien, verschiedenen Untersuchungs- und Trainingsmethoden sowie neuesten Wissensquellen vertraut gemacht.<\/p>\n\n\n\n<ul class=\"wp-block-list\">\n<li><strong>Wie sollten Trainer zur \u201eBUS-GoCircular-Lerngemeinschaft\u201c beitragen?<\/strong><\/li>\n<\/ul>\n\n\n\n<p>Die Trainer entwickeln einen ma\u00dfgeschneiderten Trainingsplan f\u00fcr eine Schulung zur Weiterqualifizierung von Fachkr\u00e4ften oder zur Schulung von Personen, die sie sp\u00e4ter in ihrem eigenen Umfeld umsetzen.<\/p>\n\n\n\n<ul class=\"wp-block-list\">\n<li><strong>M\u00f6chten Sie mehr \u00fcber unsere fr\u00fcheren TtTs erfahren?<\/strong><\/li>\n<\/ul>\n\n\n\n<p>Der 1. TtT-Kurs fand im Januar 2023 in Prag statt. An diesem ersten Schulungskurs nahmen 15 Baufachleute aus sieben L\u00e4ndern teil.&nbsp;<a href=\"https:\/\/busgocircular.eu\/1st-train-the-trainers-ttt\/\">Klicken Sie HIER<\/a>&nbsp;f\u00fcr weitere Informationen.<\/p>\n\n\n\n<p>Der 2ndTtT-Kurs fand im Juni 2023 online statt. Siebzehn Bau- und Bildungsfachkr\u00e4fte aus zehn L\u00e4ndern nahmen an diesem Schulungskurs teil und schlossen ihn erfolgreich ab.&nbsp;<a href=\"https:\/\/busgocircular.eu\/2nd-train-the-trainers-online-june-2023\/\">Klicken Sie HIER<\/a>&nbsp;f\u00fcr weitere Informationen.<\/p>\n\n\n\n<p><strong>ANMELDUNG<\/strong><\/p>\n\n\n\n<p><a href=\"https:\/\/forms.office.com\/Pages\/ResponsePage.aspx?id=BsRF82hSsEOxn1hi-mgz-Ok6FXgmMghErAWqMwbIaiBUOU1JRVRPQ0tRVkxRUjVIWlBMOEhMSEZXUi4u\">Wenn Sie Interesse an der Teilnahme am 3. \u201eTrain the Trainers\u201c-Kurs haben, f\u00fcllen Sie bitte dieses Anmeldeformular&nbsp;<\/a>bis zum 20. Oktober 2023&nbsp;aus&nbsp;.&nbsp;Bitte beachten Sie, dass die Teilnehmer an den drei Online-Sitzungen teilnehmen m\u00fcssen, die am 31. Oktober, 7. und 14. November 2023 von 14.00 bis 16.30 Uhr stattfinden.&nbsp;Die Anzahl der Pl\u00e4tze ist auf 40 Teilnehmer begrenzt.<\/p>\n\n\n\n<p>Die Teilnehmerliste wird von den BUS-GoCircular-Projektpartnern festgelegt und bis zum 24. Oktober 2023 kommuniziert.<\/p>\n\n\n\n<p><em>Hinweis: Im Anmeldeformular werden Sie um einen kurzen Lebenslauf und einen Plan gebeten, wie Sie das Wissen aus dem Kurs in Zukunft anwenden werden.<\/em><\/p>\n","protected":false},"excerpt":{"rendered":"<p>Der dritte BUS-GoCircular-Kurs \u201eTrain the Trainers (TtT)\u201c findet online in drei aufeinanderfolgenden Sitzungen am 31. Oktober, 7. und 14. November 2023 von 14.00 bis 16.30 Uhr statt (Teilnehmer m\u00fcssen an den 3 Online-Sitzungen teilnehmen).&nbsp;Kommen Sie zu diesem 3. TtT und werden Sie Mitglied der \u201e&nbsp;BUS-GoCircular-Lerngemeinschaft\u201c, die&nbsp;sich aus f\u00fchrenden Schulungsorganisationen in ganz Europa zusammensetzt, die sich&hellip;&nbsp;<a href=\"https:\/\/ifd-roof.com\/index.php\/event\/bus-gocircular-training-opportunity-3-train-the-trainers\/\" class=\"\" rel=\"bookmark\">Read More &raquo;<span class=\"screen-reader-text\">Der dritte BUS-GoCircular-Kurs \u201eTrain the Trainers (TtT)\u201c<\/span><\/a><\/p>\n","protected":false},"author":138,"featured_media":0,"template":"","meta":{"neve_meta_sidebar":"","neve_meta_container":"","neve_meta_enable_content_width":"","neve_meta_content_width":0,"neve_meta_title_alignment":"","neve_meta_author_avatar":"","neve_post_elements_order":"","neve_meta_disable_header":"","neve_meta_disable_footer":"","neve_meta_disable_title":""},"eventtype":[],"class_list":["post-6532","event","type-event","status-publish","hentry"],"metadata":{"_edit_lock":["1727293751:3"],"_edit_last":["138"],"ifd_event_location":[""],"ifd_event_start":["2023-10-31T14:00"],"ifd_event_end":["2023-10-31T16:30"],"ifd_event_signup":[""],"ifd_event_signup_logged_in_only":[""],"ifd_event_cancelled":[""],"ifd_event_max_persons":[""],"ifd_event_signup_start":[""],"ifd_event_signup_end":["2023-10-20T23:59"],"ifd_event_notes":[""],"ifd_event_price_base":[""],"ifd_event_lat":[null],"ifd_event_lng":[null],"ifd_event_days_times":["[]"]},"lang":"de","signups":"","_links":{"self":[{"href":"https:\/\/ifd-roof.com\/index.php\/wp-json\/wp\/v2\/event\/6532","targetHints":{"allow":["GET"]}}],"collection":[{"href":"https:\/\/ifd-roof.com\/index.php\/wp-json\/wp\/v2\/event"}],"about":[{"href":"https:\/\/ifd-roof.com\/index.php\/wp-json\/wp\/v2\/types\/event"}],"author":[{"embeddable":true,"href":"https:\/\/ifd-roof.com\/index.php\/wp-json\/wp\/v2\/users\/138"}],"wp:attachment":[{"href":"https:\/\/ifd-roof.com\/index.php\/wp-json\/wp\/v2\/media?parent=6532"}],"wp:term":[{"taxonomy":"eventtype","embeddable":true,"href":"https:\/\/ifd-roof.com\/index.php\/wp-json\/wp\/v2\/eventtype?post=6532"}],"curies":[{"name":"wp","href":"https:\/\/api.w.org\/{rel}","templated":true}]}}

<p><br /></p>


<p>Der dritte BUS-GoCircular-Kurs „Train the Trainers (TtT)“ findet online in drei aufeinanderfolgenden Sitzungen am 31. Oktober, 7. und 14. November 2023 von 14.00 bis 16.30 Uhr statt (Teilnehmer müssen an den 3 Online-Sitzungen teilnehmen).&nbsp;Kommen Sie zu diesem 3. TtT und werden Sie Mitglied der „&nbsp;<strong>BUS-GoCircular-Lerngemeinschaft“, die</strong>&nbsp;sich aus führenden Schulungsorganisationen in ganz Europa zusammensetzt, die sich auf neue Fähigkeiten für zirkuläres Bauen konzentrieren.</p>



<ul class="wp-block-list">
<li><strong>Für wen ist dieser „Train the Trainers“-Kurs geeignet?</strong></li>
</ul>



<p>Unser Kurs richtet sich an Experten von Ausbildungsorganisationen, die Kurse zur kontinuierlichen beruflichen Weiterentwicklung (CPD) für praktizierende Baufachleute anbieten, und konzentriert sich auf neue Kenntnisse und Fähigkeiten, die für die Planung, den Bau, die Nutzung, die Wartung und das Ende der Nutzungsdauer von „kreisförmigen“ Gebäuden erforderlich sind .</p>



<ul class="wp-block-list">
<li><strong>Was bietet Ihnen die „BUS-GoCircular Learning Community“?</strong></li>
</ul>



<p>Die Trainer werden mit Lehrmaterialien, verschiedenen Untersuchungs- und Trainingsmethoden sowie neuesten Wissensquellen vertraut gemacht.</p>



<ul class="wp-block-list">
<li><strong>Wie sollten Trainer zur „BUS-GoCircular-Lerngemeinschaft“ beitragen?</strong></li>
</ul>



<p>Die Trainer entwickeln einen maßgeschneiderten Trainingsplan für eine Schulung zur Weiterqualifizierung von Fachkräften oder zur Schulung von Personen, die sie später in ihrem eigenen Umfeld umsetzen.</p>



<ul class="wp-block-list">
<li><strong>Möchten Sie mehr über unsere früheren TtTs erfahren?</strong></li>
</ul>



<p>Der 1. TtT-Kurs fand im Januar 2023 in Prag statt. An diesem ersten Schulungskurs nahmen 15 Baufachleute aus sieben Ländern teil.&nbsp;<a href="https://busgocircular.eu/1st-train-the-trainers-ttt/">Klicken Sie HIER</a>&nbsp;für weitere Informationen.</p>



<p>Der 2ndTtT-Kurs fand im Juni 2023 online statt. Siebzehn Bau- und Bildungsfachkräfte aus zehn Ländern nahmen an diesem Schulungskurs teil und schlossen ihn erfolgreich ab.&nbsp;<a href="https://busgocircular.eu/2nd-train-the-trainers-online-june-2023/">Klicken Sie HIER</a>&nbsp;für weitere Informationen.</p>



<p><strong>ANMELDUNG</strong></p>



<p><a href="https://forms.office.com/Pages/ResponsePage.aspx?id=BsRF82hSsEOxn1hi-mgz-Ok6FXgmMghErAWqMwbIaiBUOU1JRVRPQ0tRVkxRUjVIWlBMOEhMSEZXUi4u">Wenn Sie Interesse an der Teilnahme am 3. „Train the Trainers“-Kurs haben, füllen Sie bitte dieses Anmeldeformular&nbsp;</a>bis zum 20. Oktober 2023&nbsp;aus&nbsp;.&nbsp;Bitte beachten Sie, dass die Teilnehmer an den drei Online-Sitzungen teilnehmen müssen, die am 31. Oktober, 7. und 14. November 2023 von 14.00 bis 16.30 Uhr stattfinden.&nbsp;Die Anzahl der Plätze ist auf 40 Teilnehmer begrenzt.</p>



<p>Die Teilnehmerliste wird von den BUS-GoCircular-Projektpartnern festgelegt und bis zum 24. Oktober 2023 kommuniziert.</p>



<p><em>Hinweis: Im Anmeldeformular werden Sie um einen kurzen Lebenslauf und einen Plan gebeten, wie Sie das Wissen aus dem Kurs in Zukunft anwenden werden.</em></p>

<p>Der dritte BUS-GoCircular-Kurs „Train the Trainers (TtT)“ findet online in drei aufeinanderfolgenden Sitzungen am 31. Oktober, 7. und 14. November 2023 von 14.00 bis 16.30 Uhr statt (Teilnehmer müssen an den 3 Online-Sitzungen teilnehmen).&nbsp;Kommen Sie zu diesem 3. TtT und werden Sie Mitglied der „&nbsp;BUS-GoCircular-Lerngemeinschaft“, die&nbsp;sich aus führenden Schulungsorganisationen in ganz Europa zusammensetzt, die sich&hellip;&nbsp;<a href="https://ifd-roof.com/index.php/event/bus-gocircular-training-opportunity-3-train-the-trainers/" class="" rel="bookmark">Read More &raquo;<span class="screen-reader-text">Der dritte BUS-GoCircular-Kurs „Train the Trainers (TtT)“</span></a></p>
